p).
-8
Suppose -3*g + 5*g - 5*a = 81, 237 = 4*g + 5*a. Suppose 78 - g = 5*x. Let j(b) = -x*b + b**2 + 5 + b - 6 - 2*b. Give j(5).
-6
Let q(n) be the third derivative of 2*n**2 + 0*n**3 + 1/12*n**4 + 0*n + 0. Let s(g) = -g**3 - 11*g**2 + g + 8. Let h be s(-11). What is q(h)?
-6
Let p(i) = 170817 + 170813 - 341645 - i. Determine p(16).
-31
Suppose 0 = -5*t - 5, 68*c + t = 66*c + 9. Let h(o) = -o**3 + 7*o - 3 - 7*o - 4*o**2 + 9*o**2. Determine h(c).
-3
Let o(h) be the third derivative of 13/6*h**3 + 5/24*h**4 - 6*h**2 + 0*h - 1/120*h**5 + 0. Let i(v) be the first derivative of o(v). Calculate i(-4).
9
Let p(b) = -21*b**2 + 4*b + 13. Let x(y) = -13*y**2 + 2*y + 8. Let c(n) = -5*p(n) + 8*x(n). Give c(-1).
4
Let t(x) = -x**3 - 10*x - 279199 - 3*x**2 + 279197 - 7*x**2. Give t(-4).
-58
Let a(i) be the second derivative of i**3 - 35*i**2/2 - 3*i + 1662. Determine a(5).
-5
Let z(g) = -4*g + 133. Let u(b) = -3*b**3 - 48*b**2 - 132*b - 10. Let o be u(-3). What is z(o)?
-7
Let d(p) = -p - 4. Suppose -5*l = 26 + 19. Let u be d(l). Let g(y) = 13 - 34 + 10*y - 2 + 20 - y**2 - 4*y. Calculate g(u).
2
Let h = 1 + 0. Suppose 0 = -v - 3*f - h, 5*v + 2*f - 21 = 0. Let g(t) = -t**2 + 6*t + 6. Let y(q) = 1. Let k(i) = -g(i) + 6*y(i). Determine k(v).
-5
Let s be (-2)/4 + (-2)/4. Suppose 2*x - 5*a = -11, 3*x - 20 + 11 = -a. Let v(n) = -x*n - 512 + 3*n + 513 + 7*n. Give v(s).
-7
Let b(s) = -3*s**2 - 7*s - 6. Suppose 500*j + 355 + 145 = 0. Give b(j).
-2
Suppose s = -3*p - 7, -3*s + 2*p - 1 + 35 = 0. Suppose s*u + 25 - 97 = 0. Let g(n) = -2*n + 4. Determine g(u).
-14
Let g(z) = 19*z**3 + 9*z**2 - 114*z - 41. Let a(n) = -6*n**3 - 3*n**2 + 36*n + 14. Let f(v) = 16*a(v) + 5*g(v). Calculate f(-3).
1
Let k(f) be the first derivative of f**4/4 + 11*f**3/3 - f**2/2 - 10*f - 10. Let t(x) = x**2 + 4*x - 448. Let h be t(-23). Calculate k(h).
1
Let r = 2888 - 11551/4. Let v(a) be the first derivative of 5*a**2 - 2*a - r*a**4 + 3*a**3 + 9. Determine v(10).
-2
Suppose -4*p - 45 = -3*h, 0 = -4*h + 3 + 9. Let t(w) = -w**3 - 7*w**2 + 14*w - 29. What is t(p)?
7
Let s(g) be the third derivative of 1/120*g**6 - g**3 + 0 + 35*g**2 + 0*g + 3/20*g**5 + 7/24*g**4. What is s(-8)?
2
Let n(v) = v**2 - 15*v + 47. Suppose s + 8 = 2*y, -4*y + 55 = -4*s + 51. Calculate n(y).
-9
Let b(t) = 45*t**2 + 16*t + 37. Let n(c) = -15*c**2 - 5*c - 11. Let d(r) = 2*b(r) + 7*n(r). Give d(-1).
-15
Let z(p) = p**2 - 20*p + 104. Let d be z(6). Let i = -22 + d. Let u(h) = -3*h**2 - h + 1. Calculate u(i).
-9
Let u(k) = 3*k**2 + 107*k + 28 - k**3 - 224*k + 119*k. Determine u(5).
-12
Let n = 255 + -250. Suppose 5*j - 9 = -4*o - 2, -4*j = 3*o - n. Let k(q) = -9*q**3 + 1. Calculate k(j).
10
Suppose -5*g - 185 = -2*m, 2*g - 430 = 3*m - 7*m. Let y(d) = -3*d + m*d**2 + d**3 + 103*d**2 - 2*d**3 - 201*d**2 + 2. What is y(6)?
20
Let m(f) = -f**2 + 4*f**3 + f - 3*f**3 - 2*f**3 - 1. Let y = 30012 - 30015. Calculate m(y).
14
Suppose -31*i - 18*i = -10*i. Suppose i = -40*y + 29*y - 44. Let b(s) = s**2 - s + 1. What is b(y)?
21
Let f(i) be the first derivative of -9*i**2/2 + 274*i + 6493. Determine f(32).
-14
Let j = 13 - 46. Let w = 53 + j. Suppose -16*l + 18*l - w = 0. Let t(h) = h - 10. Determine t(l).
0
Let q(m) = m + 13. Suppose 162 = -12*p + 6*p. Let s = 30 + p. Let g(b) = -6. Let t(z) = s*q(z) + 7*g(z). Determine t(-4).
-15
Let y(z) = -z**3 + 7*z**2 + 10*z - 12. Suppose -2*t = -19 + 3. Let i be y(t). Suppose 4*a + w - 9 - 21 = 0, i*w = 3*a - 32. Let r(x) = x + 7. What is r(a)?
15
Let p(l) be the third derivative of 0 - 1/24*l**4 - l**2 + 66*l + 19/6*l**3. Determine p(0).
19
Let n(j) = -2*j**2 + 48*j - 87. Let g be n(22). Let u(t) = -4*t**2 - 25*t + 24. What is u(g)?
-5
Let c be (-2)/((45/(-6))/15). Suppose -k = i + 15, 9*k = 10*k - c*i - 5. Let b(g) = g**3 + 11*g**2 + 2*g + 17. Determine b(k).
-5
Let y(w) = -56 + 3*w - 103*w**2 + 59*w**2 + 61*w**2 + 64. Calculate y(-2).
70
Let y(l) = 20*l + 135 - 3*l - 18 + 6*l + 5*l. Calculate y(-5).
-23
Suppose 3*y = -3*y + 18. Suppose -7*p + 93 = -y*p + 5*u, 0 = 2*u - 2. Let z(v) = 7*v**3 - 17*v**2 - 2*v + p*v**2 + 1 - 6*v**3. Give z(-4).
25
Let q(m) = -m**3 - 4*m**2 + 2*m - 7. Let z be q(-5). Let u(b) = 258*b - 1286. Let k be u(5). Let f(t) = 4*t + z - k*t - 4*t. Give f(6).
-16
Let s(u) = 4*u - 4. Let r(y) = -56*y + 13. Let t(l) = r(l) + 3*s(l). What is t(1)?
-43
Let r(y) = 4 - 10 - 9 - 9 + 7*y. Determine r(8).
32
Let x be (3/2)/((-4)/8). Let w(p) = 1. Suppose -5 = 2*n - 15, -21 = 2*t - 5*n. Let z(r) = 2*r**2 + 2*r - 2. Let i(a) = t*z(a) + 7*w(a). Determine i(x).
27
Let y be (-7)/(-2)*(-216)/(-378). Suppose -4*i + 47 = -293. Let g(v) = -i*v + 3 + 6*v**3 + 88*v - 2*v**y - 5*v**3. What is g(3)?
21
Let n(f) be the second derivative of f**5/20 + 5*f**4/6 + 4*f**3/3 - 9*f**2/2 - 5*f. Let t be ((-24)/(-14))/(5 - 1878/378). Let i be ((-1)/3)/(2/t). Give n(i).
0
Let m(s) = 3*s**3 + 3*s**3 - 8*s**2 - 5*s**3 + 4 + 6*s. Let f(r) = 4*r**3 - 82*r**2 - 48*r + 133. Let z be f(21). What is m(z)?
-3
Suppose 5*o + 13 = 3. Let p(a) = -2*a**2 - 6*a. Let d be p(o). Let m(v) = -5 + 3 + 6*v + 3 - d*v. Calculate m(6).
13
Suppose -4*x + 2*x - 6 = 0. Let t(j) be the second derivative of 3*j - 2*j**2 - 1/2*j**3 - 28. What is t(x)?
5
Let i(q) be the third derivative of q**4/8 + 10*q**3 - 2*q**2 + 300*q + 2. Give i(-23).
-9
Let c = 4 + -3. Suppose s + 22 = -5*d + 109, 0 = -4*d - 4*s + 60. Let o(p) = 28*p - 9*p + d*p**2 + 1 - 21*p. What is o(c)?
17
Let s(p) = p**2 + 6160*p + 20 - 6155*p - 50. Calculate s(-8).
-6
Let y = -12 + 12. Let q(v) = -21*v - 3. Let f be q(-4). Let x(b) = -f + b - 89 + 186. What is x(y)?
16
Suppose r - 736 + 742 = 2*g, 8 = 4*r. Let j(a) = a + 66. Let f(y) = -13. Let o(p) = -11*f(p) - 2*j(p). What is o(g)?
3
Let n be 17/3 + 3/9. Suppose 0 + 10 = 3*j - k, n = j - k. Let h(r) = -10*r**2 + r + 1. Let t(d) = 8*d**2 - d - 1. Let z(s) = 3*h(s) + 4*t(s). What is z(j)?
5
Let g(q) = -11*q**2 + 10*q + 4. Let r(f) = -13*f**2 + 10*f + 2. Let p(c) = 23*c + 120. Let x be p(-5). Let o(w) = x*r(w) - 6*g(w). Determine o(12).
10
Let d(w) = -4*w + 3. Let c(l) = 5*l - 9. Let f(y) = -2*c(y) - 5*d(y). Let o(k) = -21*k - 5. Let u(z) = -5*f(z) - 2*o(z). Give u(-2).
11
Let c(y) = y - 1. Let t(j) = -6*j + 9. Suppose -2 = -3*m - 5*o - 6, 5*m + 4*o = 2. Let l(q) = m*t(q) + 15*c(q). Give l(4).
15
Let t(q) = -3*q**2 - 2*q - 2. Let n be 5 + -1 + 13/(104/(-40)). Determine t(n).
-3
Let j be (0 - -3)/(3 + -2). Let y(x) = -2 - 4*x - 6*x**2 + 11 - 7*x**2 + x**j + 4*x**2. Determine y(9).
-27
Suppose -7*c - 56 - 49 = 0. Let b be 12/c + 420/(-100). Let g(i) = i**2 - i + 1. Determine g(b).
31
Let y(v) = -2*v**2 - 6*v + 26. Let l be y(3). Let w be l/(-8) - (-15)/20. Let i(q) = -3*q + 2. What is i(w)?
-4
Let v(n) = 12*n + 1. Let o(f) = -106*f + 4. Let c(x) = -53*x + 3. Let k(h) = 5*c(h) - 3*o(h). Let l(y) = 2*k(y) - 9*v(y). Give l(-5).
7
Suppose -4*x - 24 = -2*t, 2*t = 125 - 117. Let p(w) = -2*w**2 - w - 2. What is p(x)?
-30
Let k(h) = -3*h**2 - 4*h + 7. Let x be k(2). Let u be (-3)/((156/40)/x). Let s(b) = -2*b + 12. Give s(u).
-8
Let t be (-9)/2 + 2/(-4). Let p(z) = -3*z - 65*z**3 + 248*z**3 - 102*z**3 - 4 - 3 - 4*z**2 - 82*z**3. What is p(t)?
33
Let w(g) = -2*g**3 - 2*g**2 + 3*g + 2. Suppose 6*z - 47 = 43. Suppose 0 = z*a - 10*a - 100. Suppose j = -3*f - 17, a = -4*j - j - 2*f. What is w(j)?
4
Let b(v) = 3*v + 12. Let d = 198 - 9. Let t = d - 195. Calculate b(t).
-6
Let b(s) = 183*s**2 + 2*s + 3. Let r(x) = 92*x**2 - x + 2. Let l(n) = b(n) - 2*r(n). Let y(c) = c**2 - c. Let h be y(3). Give l(h).
-13
Let w(f) = 2*f - 8. Let y be 2/9 - (-4495)/(-261). Let r be (-1 - 0) + (y - -12). Give w(r).
-20
Let d be ((-1)/2)/(18/8 + -2). Let j be -5 + (d/(-4))/((-5)/(-30)). Let b(y) = 3 - 5 + 3*y + y**2 - 5*y - 4*y**2. Calculate b(j).
-10
Let o(q) be the third derivative of -q**6/360 + q**5/40 + 5*q**4/24 + 23*q**3/3 - 5*q**2 + 3. Let p(l) be the first derivative of o(l). What is p(5)?
-5
Let m(a) be the second derivative of a**5/20 - 5*a**4/12 - 5*a**2/2 - 95*a + 15. Suppose 11*g + 10 = 13*g. Calculate m(g).
-5
Suppose 4*t = 3*f - 68, 5*f + 75 = 4*t + 143. Let q(p) = p**3 + 15*p**2 - 39*p - 25. What is q(t)?
60
Let s = -20 + 16. Let x be -2 - (-39 + s + 0 + -3). Let v(l) = -x - 46 + 3*l + 90 - 5*l**2. Calculate v(2).
-14
Let u(p) = -2*p + 3. 